mposite number?
True
Is 28901303 a composite number?
True
Is 320583349 a composite number?
False
Is 1937755 a composite number?
True
Is 1922627 composite?
True
Is 8813543 composite?
False
Is 165460327 a prime number?
True
Is 17243319 a composite number?
True
Is 89900051 composite?
False
Is 250543313 a composite number?
False
Is 7011401 a composite number?
True
Is 48378851 a prime number?
True
Is 92162491 composite?
True
Is 77423369 a prime number?
True
Is 98910673 prime?
False
Is 1206869 a composite number?
False
Is 200013389 prime?
True
Is 118467977 a prime number?
False
Is 46805309 a composite number?
False
Is 15151909 composite?
True
Is 4949341 a composite number?
False
Is 410135953 prime?
True
Is 4493347 composite?
True
Is 1117513 prime?
True
Is 5560897 a composite number?
True
Is 42739339 prime?
True
Is 3913199 composite?
False
Is 277454941 a prime number?
True
Is 530513 a composite number?
False
Is 3764697 a prime number?
False
Is 710041 a composite number?
True
Is 262556321 composite?
True
Is 845898713 a prime number?
False
Is 689129547 a composite number?
True
Is 3941857 prime?
False
Is 67244279 a prime number?
True
Is 238651241 prime?
False
Is 4337951 composite?
False
Is 700499 a composite number?
False
Is 141136927 a prime number?
True
Is 19794041 a prime number?
False
Is 10768223 a prime number?
False
Is 953041135 composite?
True
Is 140272337 a prime number?
True
Is 1332191 a prime number?
False
Is 7642669 composite?
False
Is 37014853 a prime number?
True
Is 4656497 a prime number?
False
Is 62029301 composite?
False
Is 1049953 composite?
False
Is 20779193 prime?
True
Is 11050933 prime?
True
Is 7742563 a prime number?
False
Is 2687059 composite?
False
Is 272359067 a composite number?
True
Is 50531389 prime?
True
Is 1139357 composite?
True
Is 877087 a prime number?
False
Is 103579 a prime number?
False
Is 5578271 prime?
False
Is 7548241 a prime number?
True
Is 11447269 a composite number?
True
Is 12944851 composite?
False
Is 168203823 a prime number?
False
Is 13835897 composite?
False
Is 106733101 a composite number?
False
Is 242283971 composite?
False
Is 979651 a composite number?
False
Is 9011333 prime?
True
Is 182513005 a composite number?
True
Is 1486059371 a composite number?
True
Is 33253169 a composite number?
True
Is 6826801 prime?
True
Is 323196933 prime?
False
Is 679451 composite?
False
Is 10817603 a prime number?
False
Is 26510941 a prime number?
True
Is 64712867 prime?
True
Is 287171 a composite number?
True
Is 2987267 prime?
False
Is 13864003 composite?
True
Is 2205739 composite?
True
Is 3228559 a prime number?
True
Is 2310731 prime?
True
Is 23927419 a prime number?
False
Is 17072893 composite?
False
Is 11728357 composite?
True
Is 391273 prime?
True
Is 3946853 composite?
False
Is 2149409 prime?
True
Is 154493321 a prime number?
False
Is 362374583 prime?
True
Is 374294873 prime?
True
Is 2835089 a prime number?
True
Is 1401419 composite?
True
Is 21550413 a prime number?
False
Is 373521079 prime?
False
Is 332903629 prime?
False
Is 94978151 a prime number?
True
Is 17116111 prime?
True
Is 96281711 composite?
True
Is 8348711 a composite number?
True
Is 257087159 prime?
False
Is 482670791 prime?
False
Is 44060342 a composite number?
True
Is 26776117 a composite number?
True
Is 153059 a prime number?
True
Is 542611 a prime number?
False
Is 810499 prime?
False
Is 2732017 a prime number?
True
Is 2814983 a prime number?
False
Is 136968389 a composite number?
False
Is 22970851 a composite number?
False
Is 296797 a composite number?
False
Is 12294749 a prime number?
True
Is 11505227 composite?
False
Is 156524639 composite?
False
Is 5693017 prime?
False
Is 49331521 prime?
False
Is 460147 composite?
False
Is 19295117 a prime number?
True
Is 3075817 a composite number?
False
Is 145840987 a composite number?
True
Is 82626821 composite?
False
Is 12342337 a composite number?
True
Is 473945 prime?
False
Is 27029501 prime?
False
Is 317668063 composite?
False
Is 63247147 composite?
True
Is 8754157 a composite number?
False
Is 2536379 a prime number?
True
Is 963899 a composite number?
False
Is 101330213 prime?
False
Is 179103997 composite?
False
Is 534529687 composite?
False
Is 2267537 a prime number?
False
Is 1227587 composite?
True
Is 42634363 prime?
False
Is 38584397 prime?
True
Is 2328505 a composite number?
True
Is 645140143 prime?
True
Is 19289 a prime number?
True
Is 405321087 prime?
False
Is 36561418 prime?
False
Is 11194033 a composite number?
False
Is 2104091 prime?
False
Is 331757 prime?
False
Is 1151411 a composite number?
True
Is 7239643 prime?
True
Is 36412799 a prime number?
True
Is 2297509 a prime number?
True
Is 756986 a prime number?
False
Is 106208989 a prime number?
False
Is 615179 prime?
False
Is 359957141 a prime number?
False
Is 73792879 a composite number?
False
Is 1260747177 a composite number?
True
Is 400706401 prime?
True
Is 249052519 composite?
False
Is 309970249 a prime number?
True
Is 210204077 composite?
False
Is 26508107 a prime number?
True
Is 1470941 a prime number?
True
Is 56500859 composite?
True
Is 208451 composite?
True
Is 29585213 a prime number?
False
Is 26787961 a prime number?
False
Is 29301 a composite number?
True
Is 240586121 prime?
True
Is 498463 prime?
False
Is 11300979 a prime number?
False
Is 11482643 prime?
True
Is 1514795 a prime number?
False
Is 403923917 composite?
False
Is 1840921 composite?
False
Is 47168473 composite?
True
Is 27158221 a composite number?
False
Is 3953366 prime?
False
Is 5448423 a composite number?
True
Is 5904413 a composite number?
True
Is 48541937 composite?
True
Is 8052189 a composite number?
True
Is 150095251 composite?
False
Is 898267 a prime number?
False
Is 838011 prime?
False
Is 252608579 prime?
True
Is 40199153 composite?
False
Is 352011227 prime?
True
Is 42389887 a prime number?
True
Is 26334199 composite?
True
Is 209123 composite?
False
Is 28820221 a composite number?
False
Is 6840719 prime?
False
Is 276868561 composite?
False
Is 42912167 composite?
True
Is 1456991 prime?
False
Is 18734587 a prime number?
True
Is 11938753 a prime number?
False
Is 7968871 composite?
False
Is 781373 composite?
True
Is 553584695 a composite number?
True
Is 101448779 composite?
False
Is 151927199 a prime number?
True
Is 691288071 prime?
False
Is 9543 prime?
False
Is 6039193 a prime number?
True
Is 2095253 prime?
True
Is 6765963 a prime number?
False
Is 18428593 a prime number?
True
Is 2801063 prime?
False
Is 12422117 prime?
False
Is 1030619 prime?
True
Is 11998633 prime?
False
Is 283409069 a prime number?
False
Is 439693 a composite number?
False
Is 27927619 a composite number?
False
Is 45449603 composite?
False
Is 4307921 prime?
False
Is 1204421 prime?
True
Is 23650937 composite?
False
Is 75902051 a composite number?
False
Is 1420327 a composite number?
True
Is 75963527 a prime number?
False
Is 579937409 a prime number?
True
Is 1640757 a prime number?
False
Is 459960217 a prime number?
True
Is 104084213 a prime number?
True
Is 62638577 a composite number?
True
Is 3642791 composite?
False
Is 84749143 prime?
False
Is 4037853 prime?
False
Is 865457 prime?
True
Is 321487 prime?
False
Is 2399234 prime?
False
Is 37199233 a composite number?
False
Is 1489403 a prime number?
True
Is 7459807 a composite number?
True
Is 277145833 a prime number?
False
Is 2338123 a composite number?
False
Is 172281313 prime?
True
Is 4067951 prime?
True
Is 74860271 a prime number?
True
Is 4557743 prime?
True
Is 2407547 a composite number?
True
Is 1600889 a composite number?
False
Is 996377671 prime?
True
Is 2296379 a prime number?
False
Is 3158033 prime?
True
Is 5728363 composite?
False
Is 24039437 composite?
False
Is 8444701 a prime number?
True
Is 12461963 a composite number?
True
Is 606829 prime?
True
Is 777272143 a composite number?
True
Is 1764907 a prime number?
False
Is 58935859 prime?
False
Is 30361351 composite?
False
Is 37713707 composite?
True
Is 165153889 composite?
False
Is 105161291 a composite number?
True
Is 3328741 prime?
False
Is 1732911 a composite number?
True
Is 19096073 a prime number?
True
Is 2052065 a composite number?
True
Is 5863307 composite?
True
Is 11325203 a prime number?
False
Is 38163655 a prime number?
False
Is 8912101 a composite number?
True
Is 4764181 a prime number?
Tr